
Is 671204119 a composite number?
True
Is 131942760101 a prime number?
True
Is 2015354141 composite?
True
Is 26324476901 prime?
False
Is 256139921 a prime number?
True
Is 413431259 a prime number?
True
Is 1239992191 composite?
False
Is 24948565783 composite?
True
Is 1860799 prime?
True
Is 7858221599 a prime number?
True
Is 3446802713 prime?
True
Is 2276269631 prime?
True
Is 108690381997 prime?
False
Is 4710358487 composite?
True
Is 796082597 a prime number?
True
Is 10798753193 composite?
False
Is 413811911 composite?
False
Is 8928746053 a prime number?
False
Is 76902587 composite?
True
Is 236131573 composite?
True
Is 725963377 a prime number?
False
Is 7125590861 composite?
False
Is 157072709 a composite number?
False
Is 27136992437 composite?
False
Is 3823723037 a prime number?
True
Is 46841054653 a prime number?
False
Is 43831084949 a prime number?
False
Is 1078193983 a composite number?
False
Is 5184070783 prime?
False
Is 135548139 a composite number?
True
Is 13251416531 a composite number?
True
Is 7289937869 a composite number?
True
Is 120814018939 a composite number?
True
Is 2396548741 a prime number?
True
Is 65768461219 a prime number?
True
Is 14753888333 a composite number?
True
Is 3535202065 a prime number?
False
Is 3908813147 composite?
False
Is 55113116003 a prime number?
False
Is 2733777785 composite?
True
Is 426554923 a composite number?
True
Is 5143080979 composite?
True
Is 16000659419 prime?
True
Is 86438567 composite?
False
Is 48239773 a prime number?
False
Is 586037009 a prime number?
False
Is 74660321 composite?
True
Is 1018881481 composite?
True
Is 3046180589 prime?
False
Is 17422417889 prime?
True
Is 20326727453 a composite number?
False
Is 4560647227 composite?
False
Is 6441745801 a composite number?
True
Is 136233525973 prime?
False
Is 392057257 prime?
True
Is 201308153 a prime number?
True
Is 29204279429 prime?
False
Is 5906350889 composite?
False
Is 3856749383 prime?
True
Is 21438356495 a composite number?
True
Is 7302869957 a composite number?
False
Is 70615211 a composite number?
False
Is 8405979703 a composite number?
True
Is 2664812147 composite?
False
Is 180618162161 composite?
False
Is 82132162589 prime?
True
Is 11338702877 a composite number?
False
Is 519897307 a prime number?
True
Is 47861021251 a composite number?
False
Is 20965159627 a composite number?
False
Is 150520327 composite?
False
Is 50777087 composite?
True
Is 1209545461 a composite number?
True
Is 678901709 prime?
False
Is 2238580009 a prime number?
False
Is 66193107971 composite?
False
Is 296375327 composite?
False
Is 27978017 composite?
False
Is 2634333199 composite?
False
Is 13509143951 composite?
False
Is 104149494595 a prime number?
False
Is 25305482765 a composite number?
True
Is 1806549767 a composite number?
True
Is 4055244299 a composite number?
True
Is 27266308367 a composite number?
False
Is 79393239509 composite?
True
Is 213846697 a prime number?
False
Is 494857177 composite?
True
Is 58884053 prime?
False
Is 593725907 a composite number?
False
Is 46001340311 a prime number?
True
Is 18570754687 a prime number?
True
Is 6814574651 composite?
False
Is 20920264307 a composite number?
True
Is 6311371411 a composite number?
False
Is 6377240347 composite?
True
Is 149356794541 a composite number?
False
Is 1808021167 prime?
True
Is 13680809 prime?
True
Is 59705423753 composite?
False
Is 15628778663 a composite number?
True
Is 80526202 composite?
True
Is 1219520839 composite?
False
Is 1375741387 a prime number?
True
Is 2767597499 composite?
True
Is 3080353691 prime?
False
Is 10146616939 prime?
True
Is 54035745719 prime?
True
Is 1999018433 composite?
False
Is 183028720555 prime?
False
Is 1024407869 composite?
False
Is 15532895471 a prime number?
False
Is 1689038797 composite?
True
Is 165242967239 composite?
True
Is 4963912306 a composite number?
True
Is 49829073521 composite?
True
Is 1092427637 composite?
True
Is 383442621 a prime number?
False
Is 15377087377 prime?
True
Is 89338937159 a prime number?
True
Is 3625589423 composite?
True
Is 1265208443 a prime number?
False
Is 2740989967 composite?
False
Is 579003577 a composite number?
True
Is 13978705633 prime?
False
Is 49537578851 a composite number?
True
Is 12370515253 a composite number?
True
Is 536589029 a prime number?
False
Is 8380906031 a prime number?
True
Is 1770857149 a prime number?
True
Is 113192533687 a prime number?
False
Is 99740023 a prime number?
True
Is 119120441 prime?
False
Is 1180334273 prime?
True
Is 5177728339 a prime number?
False
Is 2009599807 composite?
True
Is 665932067 prime?
True
Is 8057256997 a composite number?
False
Is 11404332609 a composite number?
True
Is 72474011 prime?
False
Is 29178565789 a composite number?
True
Is 311362563 a composite number?
True
Is 43940127391 a prime number?
True
Is 1429376843 prime?
True
Is 44461917821 a composite number?
False
Is 1780170389 prime?
True
Is 40030144199 composite?
True
Is 6094207879 composite?
True
Is 113082864387 prime?
False
Is 624309431 composite?
False
Is 1271930333 composite?
True
Is 51042504257 a prime number?
False
Is 3266170139 prime?
False
Is 9069317639 a composite number?
True
Is 14189182999 composite?
False
Is 68981200759 composite?
False
Is 385513867 a prime number?
False
Is 17492247583 a prime number?
True
Is 3232033689 prime?
False
Is 10059889651 a prime number?
False
Is 22191084397 composite?
True
Is 302343578117 composite?
True
Is 4398564217 a prime number?
True
Is 3810228241 composite?
True
Is 77412709819 a prime number?
True
Is 46657468727 prime?
True
Is 24876487 a prime number?
False
Is 5898998557 composite?
False
Is 187865563 composite?
False
Is 9243653927 a composite number?
False
Is 8623319 prime?
True
Is 88320445 composite?
True
Is 50046138797 a prime number?
True
Is 834551117 prime?
False
Is 156011914 a prime number?
False
Is 3299101847 composite?
False
Is 12771148157 composite?
False
Is 10776880663 prime?
False
Is 9229733977 a prime number?
False
Is 109332449 composite?
False
Is 359824583051 a composite number?
True
Is 1300030097 prime?
True
Is 103382073643 a composite number?
False
Is 1640613785 a prime number?
False
Is 22016381203 prime?
True
Is 3605479063 a composite number?
False
Is 730488989 prime?
True
Is 272861557 a prime number?
False
Is 2292110351 a composite number?
True
Is 837685141 a composite number?
True
Is 1446106489 a composite number?
True
Is 9528936359 a composite number?
False
Is 1891793245 prime?
False
Is 83847919 prime?
False
Is 2328733731 a composite number?
True
Is 729724063 a prime number?
False
Is 11626524223 composite?
True
Is 184787447353 prime?
True
Is 399585787 a prime number?
True
Is 52188737 a composite number?
True
Is 100485961 composite?
False
Is 918899599 a prime number?
True
Is 2455293053 composite?
False
Is 52054984321 a prime number?
False
Is 51568076135 a composite number?
True
Is 25555109 prime?
False
Is 37609115393 a composite number?
True
Is 3405096593 prime?
True
Is 53891171 prime?
True
Is 246499543 prime?
False
Is 77574891067 a composite number?
False
Is 3499835315 composite?
True
Is 48669939089 prime?
False
Is 1279074637 prime?
True
Is 6867002267 composite?
False
Is 35162634853 composite?
True
Is 10316091521 composite?
True
Is 3772001923 a composite number?
True
Is 526329805 a prime number?
False
Is 2460583609 composite?
True
Is 1635327319 a composite number?
True
Is 166485764671 prime?
False
Is 5391940661 a prime number?
False
Is 1399699289 prime?
True
Is 1647079377 a composite number?
True
Is 83109402889 prime?
True
Is 483676147 prime?
True
Is 77559806801 a composite number?
False
Is 10549597 a prime number?
False
Is 106595369 prime?
True
Is 33706746677 composite?
False
Is 1949864153 prime?
False
Is 42780104615 composite?
True
Is 39451914221 a composite number?
True
Is 8523876353 a composite number?
False
Is 9588442949 prime?
True
Is 11225738341 prime?
True
Is 658345943 prime?
False
Is 5246673583 a prime number?
True
Is 1584071921 composite?
False
Is 17217231743 a composite number?
True
Is 303947993 a prime number?
True
Is 10645657147 a prime number?
True
Is 2032692169 a composite number?
False
Is 690854081 prime?
False
Is 93423803 prime?
False
Is 2690630627 prime?
False
Is 2015907787 prime?
False
Is 701083697 composite?
False
Is 86664289007 composite?
